Is 40312855603 composite?
False
Is 12947039 a prime number?
False
Is 7084826779 a prime number?
True
Is 2239165037 a composite number?
True
Is 10646971177 a prime number?
True
Is 67318909 a prime number?
False
Is 661244839 prime?
True
Is 499163059 a composite number?
False
Is 13680438214 composite?
True
Is 133511705 prime?
False
Is 8004186611 a composite number?
False
Is 5268404993 composite?
True
Is 3956870303 a prime number?
True
Is 24664373113 prime?
True
Is 278519736511 a prime number?
True
Is 9674895463 a prime number?
True
Is 5102205569 prime?
False
Is 864037457 composite?
True
Is 10117145921 a composite number?
False
Is 995929045 prime?
False
Is 7652969887 composite?
True
Is 2474928551 prime?
False
Is 1487119769 prime?
True
Is 654676753 a composite number?
False
Is 9792095765 composite?
True
Is 958562119 a composite number?
True
Is 588999469 a prime number?
False
Is 1215532663 prime?
True
Is 139885553 a prime number?
True
Is 2013618721 a prime number?
True
Is 463795229 composite?
False
Is 28034598103 composite?
True
Is 56240921573 composite?
False
Is 60510553547 prime?
True
Is 48518695493 a prime number?
True
Is 314434741 a composite number?
True
Is 139611679 prime?
False
Is 201554683 composite?
True
Is 23377816571 prime?
True
Is 17828858611 composite?
True
Is 4866951799 a prime number?
True
Is 9242048353 prime?
False
Is 8069677417 a composite number?
True
Is 18443794289 prime?
False
Is 301778925451 a prime number?
True
Is 5248520817 composite?
True
Is 1361815687 a composite number?
False
Is 885706411 composite?
True
Is 1089974563 composite?
True
Is 8921767159 prime?
True
Is 8417140493 a composite number?
True
Is 2996961421 composite?
False
Is 237442993 a prime number?
True
Is 12477358669 composite?
True
Is 1037567917 prime?
False
Is 530879471 composite?
False
Is 23700566957 prime?
True
Is 16763503247 a composite number?
True
Is 1751463737 composite?
False
Is 114530736119 a composite number?
False
Is 849357431 a composite number?
True
Is 13914052091 prime?
True
Is 238885427 a composite number?
True
Is 186591463 a composite number?
False
Is 2890912421 a composite number?
False
Is 2899177447 prime?
True
Is 1402248851 a composite number?
False
Is 5076678353 composite?
False
Is 2362862681 a prime number?
True
Is 337595257 a composite number?
False
Is 77044633 prime?
True
Is 282368923 a composite number?
False
Is 1780945171 composite?
False
Is 64304606179 prime?
False
Is 20253738299 a prime number?
True
Is 54952872463 composite?
False
Is 2055629941 a composite number?
True
Is 583796923 prime?
True
Is 18654880003 prime?
True
Is 24651004137 a composite number?
True
Is 123582218083 a composite number?
False
Is 2348144041 prime?
True
Is 3194164213 composite?
False
Is 4527547009 a composite number?
False
Is 1668258619 a prime number?
True
Is 42533067419 a prime number?
True
Is 1937086699 a composite number?
True
Is 10305368641 a prime number?
False
Is 2080039601 a prime number?
False
Is 954286855 a composite number?
True
Is 12913896521 a prime number?
True
Is 640045883 composite?
False
Is 450137857 a prime number?
False
Is 284485283 a prime number?
False
Is 3580742371 prime?
True
Is 1035158143 composite?
False
Is 57943463945 a prime number?
False
Is 3627983066 composite?
True
Is 3097063378 composite?
True
Is 19629989 a composite number?
False
Is 5556796537 prime?
False
Is 17280810933 composite?
True
Is 536322403 a composite number?
True
Is 8399917 composite?
True
Is 3033447809 prime?
False
Is 7912103399 composite?
True
Is 11945743 composite?
False
Is 64028381 a prime number?
True
Is 491344529491 composite?
False
Is 60194281489 a composite number?
True
Is 4421599201 prime?
True
Is 16953632197 a composite number?
False
Is 343093183 a prime number?
True
Is 1864589711 a composite number?
False
Is 155927098967 prime?
False
Is 63107173442 a prime number?
False
Is 2164281793 composite?
True
Is 1631664247 a prime number?
False
Is 974698069 prime?
False
Is 195669841 prime?
True
Is 3313203577 prime?
True
Is 1232810513 a composite number?
True
Is 162659033 composite?
False
Is 915404447 composite?
False
Is 5822823283 composite?
True
Is 88221149 a composite number?
False
Is 4557930059 a prime number?
True
Is 3578514143 a prime number?
True
Is 5411564995 composite?
True
Is 15250591841 composite?
True
Is 2823090701 a prime number?
False
Is 177744733 composite?
True
Is 8360098469 composite?
True
Is 84454490761 prime?
False
Is 527060749 a composite number?
False
Is 97558681 prime?
False
Is 10529437717 a composite number?
True
Is 5983181233 composite?
True
Is 2769309797 a composite number?
True
Is 2580857173 prime?
True
Is 46488880337 prime?
False
Is 3756234161 composite?
False
Is 1652271991 a composite number?
True
Is 53839993409 a prime number?
False
Is 1530186979 prime?
True
Is 584160099 prime?
False
Is 226694491 a composite number?
True
Is 2059121069 prime?
False
Is 114579415267 prime?
True
Is 54457869759 prime?
False
Is 21845357717 composite?
False
Is 20806999633 a composite number?
True
Is 388384059977 a prime number?
True
Is 6431742539 a prime number?
True
Is 2131360637 composite?
True
Is 278666561 a prime number?
True
Is 3145708279 a composite number?
True
Is 30598233067 composite?
False
Is 33676617701 composite?
False
Is 13516957717 a composite number?
True
Is 530801899 composite?
False
Is 394488353 a composite number?
True
Is 87008381 a composite number?
True
Is 3515099659 a prime number?
True
Is 6732734363 a composite number?
True
Is 6843555911 a composite number?
True
Is 40335507259 a composite number?
False
Is 2471616535 prime?
False
Is 1157291731 prime?
True
Is 925337389 composite?
False
Is 98124007103 composite?
False
Is 70130345171 prime?
True
Is 426423773 a prime number?
True
Is 63677891 composite?
False
Is 346744747 prime?
False
Is 1192145081 a prime number?
False
Is 144145163 a prime number?
False
Is 4927514591 a composite number?
True
Is 71055667019 composite?
False
Is 561955439 a prime number?
True
Is 316406789 composite?
True
Is 56029863557 a prime number?
True
Is 6942156979 a composite number?
True
Is 5925111913 a prime number?
False
Is 48261462161 composite?
True
Is 172474919 a prime number?
False
Is 106471727171 prime?
False
Is 3667342037 a composite number?
False
Is 695228117 composite?
False
Is 255692989 a composite number?
False
Is 72970627 a prime number?
True
Is 1279370737 prime?
False
Is 7416833657 a composite number?
True
Is 14301439 composite?
False
Is 26588950457 a composite number?
False
Is 2542529335 composite?
True
Is 192839233 composite?
False
Is 15429952961 composite?
True
Is 2766356617 a prime number?
False
Is 23118753881 prime?
True
Is 2291787517 a composite number?
True
Is 24007769623 composite?
True
Is 80404155137 prime?
True
Is 1443837019 composite?
True
Is 2611139627 a prime number?
True
Is 66420155003 a composite number?
True
Is 1517130763 a composite number?
True
Is 15872517637 prime?
False
Is 32311923257 a prime number?
True
Is 173094539 a composite number?
False
Is 144471739 a prime number?
False
Is 3494477419 a composite number?
True
Is 829876687 prime?
False
Is 95544929 composite?
False
Is 419656201781 composite?
False
Is 13768306238 a composite number?
True
Is 158796931 composite?
True
Is 18396766961 a prime number?
True
Is 255830594867 a composite number?
False
Is 745935431 composite?
False
Is 16279453 prime?
True
Is 23239711961 prime?
True
Is 589711091 composite?
False
Is 1137056227 a prime number?
True
Is 11274259597 a prime number?
False
Is 25959403229 a composite number?
False
Is 227295078281 composite?
False
Is 4841920703 composite?
False
Is 571446241 composite?
True
Is 2286758363 composite?
False
Is 55489510123 prime?
True
Is 4122734831 composite?
False
Is 1227623017 a composite number?
True
Is 5726352955 a composite number?
True
Is 2126802169 a composite number?
False
Is 9513088381 composite?
False
Is 20674343867 a prime number?
True
Is 586105777 composite?
False
Is 1357659109 composite?
False
Is 353487383 a prime number?
True
Is 110037060031 composite?
False
Is 381179873 prime?
True
Is 37963554169 a composite number?
False
Is 7573936607 prime?
False
Is 79864801 prime?
False
Is 28983123437 a composite number?
True
Is 824426423 prime?
True
Is 103284677 a prime number?
True
Is 176182238537 prime?
True
